visor of 25 and i.
1
Let k(l) = 9*l + 12. Suppose 11*c = 8*c + 3. Let o be (-13)/13 + (1 - -6) - c. Let g be k(o). What is the greatest common divisor of 38 and g?
19
Let p = 82 - 67. Suppose 2*u = -u + p, -4*t = u - 313. What is the greatest common factor of t and 22?
11
Let i(x) = -145*x - 701. Let d be i(-5). What is the greatest common divisor of 1734 and d?
6
Suppose 5*a - 5*n - 2360 = 0, 7*a + 3*n = 4*a + 1434. Let o = a - 443. Calculate the greatest common factor of 304 and o.
16
Let h(a) = -a**3 - 8*a**2 - 3. Let r be h(-9). Suppose r = -3*y + 123. What is the greatest common factor of y and 25?
5
Let w(o) = 484*o + 231 + 481*o - 1438*o + 482*o. Let b be w(22). Calculate the highest common factor of b and 39.
39
Suppose 8*y - 4*y = 1700. Let c = -195365 - -195390. What is the greatest common divisor of y and c?
25
Let l = 81 - 81. Suppose -4*o = l, -i + o = -2*o - 4. Suppose 2*n + 272 = i*d - 96, 3*d = n + 274. What is the highest common factor of d and 135?
45
Suppose 2*h + 5*k = -7 - 20, -4*k = 5*h + 25. Let n = 15 + h. Let b be 0 + (-84)/(-70) - (-1808)/10. What is the highest common divisor of n and b?
14
Suppose 19*c - 3426 = 2225 + 1284. Calculate the greatest common divisor of 584 and c.
73
Let t(p) = -p**2 - 17*p + 24. Let m be t(-18). Suppose -4*b + m*b = 36. Let a be 3/7 - (-2 + 12/28). What is the highest common divisor of a and b?
2
Let q = 2845 + -2132. What is the greatest common factor of 62 and q?
31
Let n be -6*((10 - 8) + 18/(-4)). Let v be (-10)/n*2235/(-10). Suppose -5*l + b = -v, 3*l - 4*b - 85 = b. Calculate the greatest common factor of l and 210.
30
Let z = 386 - 361. Suppose z*i = i + 480. Calculate the highest common factor of i and 25.
5
Suppose -b - 5 = -13, 255 = 33*c + 3*b. Calculate the greatest common divisor of c and 439.
1
Suppose -b + 0 = 4, -b = 5*q - 21. Suppose q*d - 9 = 1. What is the greatest common divisor of d and 32?
2
Let k = -4452 - -5119. Suppose 8 = -4*t, -2*i + t + 30 = -30. Calculate the greatest common divisor of i and k.
29
Suppose -5*t + 2 + 21 = -2*c, 5*c = 4*t - 32. Let p be -119*3/(-3) + 0 + c. What is the highest common factor of p and 23?
23
Let p = -7 + 9. Let y be 31 + p + -2 + 3. Suppose -58 = -v - 5*f, v - 3*f = 37 + 37. Calculate the highest common factor of y and v.
34
Suppose 7*d - 5 = 5*d + 5*g, 15 = d - 5*g. Let v = 19 + d. Suppose -2*c - 5*k = -3*k - 152, 172 = 2*c - 2*k. Calculate the greatest common divisor of c and v.
9
Suppose 2*z - 150 = -2*y - 50, 0 = 5*y - 2*z - 257. Suppose 0 = 3*x - 5*f - 37, -4*x = -f - 16 - 22. What is the greatest common factor of y and x?
3
Let v(j) = -j - 6. Let s be v(-11). Suppose -2*k + 90 = u + u, 0 = -u - s. Let l = -38 + k. What is the highest common factor of 8 and l?
4
Let u(i) = -428*i - 2822. Let l be u(-10). Calculate the greatest common divisor of 378 and l.
54
Let g(b) = b**3 + 7*b**2 + 2*b + 17. Let f be g(-7). Let d(v) = 4*v**2 + 4*v - 18. Let p be d(f). Calculate the highest common factor of 135 and p.
15
Let r = -90 - -96. Suppose -1038 + r = -6*f. What is the highest common factor of f and 129?
43
Suppose -d - 138 = 36*n - 38*n, 2*n - 3*d = 146. What is the greatest common factor of n and 17?
1
Let c be (-3450)/(169/(-26) + 5). Calculate the greatest common factor of c and 300.
100
Let t be (-4)/(-92) - (-5 - 134080/230). What is the greatest common factor of 11564 and t?
196
Let d be -20*(-6 + 165/30). What is the highest common factor of d and 37740?
10
Let w be (-3)/(-39) - (0 + (-10032)/52). Suppose 0 = -m - 2*o + 33 + w, 0 = 3*m - 5*o - 667. Calculate the highest common factor of 96 and m.
32
Suppose 261*c + 111 = 264*c. Let n = 54 - c. Calculate the greatest common divisor of n and 493.
17
Suppose 3*h + 22 = -b + 164, 5*h = 5*b - 730. What is the greatest common factor of 12905 and b?
145
Let p be (16/10)/((-73)/(-365)). Suppose 4*y = -5*g + 83, p*g = 2*y + 3*g - 49. What is the greatest common factor of y and 341?
11
Let m = 16086 + -15969. What is the greatest common divisor of 1656 and m?
9
Let k = -42 - -46. Suppose 0 = -4*c + 6*c - 8. Suppose n - 8 = -c. What is the greatest common factor of k and n?
4
Let o(g) = -25*g - 138. Suppose -438*t = -443*t - 65. Let i be o(t). Calculate the greatest common factor of i and 66.
11
Let n(x) = x**3 + 4*x**2 - 24*x + 13. Let w be n(9). Calculate the greatest common divisor of w and 100.
50
Let c be ((-9)/(-4))/(1/(-4)). Let r = -583 - -585. Let w be c/(r + (-22)/8 - 0). What is the highest common factor of 48 and w?
12
Let l(m) = m**2 + 16*m - 11. Suppose 22 = -4*a - 46. Let i be l(a). Suppose -66 - 78 = -i*t. Calculate the greatest common factor of 60 and t.
12
Suppose 3*y + 3*y - 3*f = 9921, 3*f - 4947 = -3*y. Calculate the highest common factor of y and 70.
14
Let a = -1 - -9. Suppose -3*h + 14 = -1, 0 = i + h - a. Suppose -4*b = -5*d + 52, 4*b - 18 = -i*d + 2*b. What is the highest common factor of 24 and d?
8
Suppose -4*h + 4*b = -772, -4*h - h - 4*b + 929 = 0. Suppose -119*j + 128*j - h = 0. Calculate the highest common factor of 21 and j.
21
Suppose 5*s = -2*r + 274, -94 - 17 = -2*s - r. Calculate the highest common factor of 5356 and s.
52
Suppose -20*j + 1683 = -11*j. Suppose 37*a = 26*a + j. What is the highest common factor of a and 187?
17
Let j(k) = 757*k - 15874. Let u be j(85). Calculate the greatest common factor of u and 107.
107
Let l(z) = 2*z**2 + 6*z - 12. Let p be l(-6). Let k be -1 - 3 - (-3)/(3/220). What is the greatest common divisor of k and p?
24
Suppose -21*l = -22*l + 3. Let p be (-14)/10 + (-430)/50 + 8. Let f be 6/(-2)*p/(-6)*-1. What is the highest common factor of l and f?
1
Suppose 134 = m + 37. Let j(y) = y**3 + 13*y**2 - 4*y + 46. Let q be j(-14). Let d = m + q. What is the highest common divisor of 4 and d?
1
Let d(g) = g + 15. Let l be d(-14). Let t be 3 + (33/l)/3. Suppose -2*v = 5*i - 167, -4*i + 0*v = -5*v - 160. What is the highest common divisor of t and i?
7
Let y be (-13)/(-26) - 9/2. Let t be (21/35)/(y/20) - -243. What is the highest common divisor of 30 and t?
30
Let w(c) = 36*c**2 - 7*c + 13. Let s(v) = -71*v**2 + 15*v - 26. Let p(o) = 3*s(o) + 7*w(o). Let n be p(2). Calculate the greatest common divisor of 23 and n.
23
Suppose -2*v + 5*b = 2*v - 100, 0 = -v + 4*b + 36. Let m(h) = -39*h + 244. Let g be m(6). What is the highest common divisor of g and v?
10
Let q be (-42)/56 + (-78)/(-8). Suppose -30*t = -q*t - 25662. What is the greatest common divisor of t and 47?
47
Suppose 0 = -0*m - 5*m + 5*l - 150, -4*m = 2*l + 150. Let v be (m/(-3))/(-6 - 511/(-84)). Calculate the greatest common divisor of v and 20.
20
Suppose 5*b - 222 = 2*q, 4*b + 2*q = 51 + 141. Suppose 0 = -2*s + b + 92. Suppose -g = 1, -5*g - 40 = -h + 11. What is the highest common divisor of h and s?
23
Let p(b) = b**2 - 15 + 2*b**2 + 36 + 14 + 13*b - 2*b**2. Let z be p(-13). Calculate the highest common divisor of 5 and z.
5
Suppose 61*c - 95*c = -287827 - 6001. What is the greatest common divisor of 58 and c?
58
Let n(u) = 0*u + 21*u - 25 - 3*u - u**2 - 7*u. Let c be n(7). Let s be (3 + -2)*(3 + 18). Calculate the greatest common factor of s and c.
3
Let j = 771 + 4170. What is the highest common divisor of j and 54?
27
Suppose -2*h = 10, 0 = -z + 2*h + 2*h + 20. Let j(g) = z*g + 8*g + 0*g + 8 + g**2. Let l be j(-8). What is the highest common factor of 8 and l?
8
Suppose -1722 = -2*v + 5*q, 35*v = 39*v - 3*q - 3388. What is the highest common divisor of v and 2?
1
Let v be (-3)/((-9)/870)*(0 - 3/(-2)). What is the highest common factor of v and 348?
87
Let n = -98 - -101. Suppose 3*g = 7*g - 20. Suppose n*a - g*l - 18 = 35, -4*l + 150 = 5*a. What is the highest common divisor of 13 and a?
13
Let i = -79 + 85. Suppose i*j - 4 - 74 = 0. Calculate the greatest common divisor of j and 5.
1
Suppose 0 = -z - 31*z + 992. Let w(d) = -d**2 + 42*d - 52. Let t be w(z). Calculate the greatest common divisor of t and 17.
17
Suppose 7 = l - 2*l, -2*l = -2*n + 5084. What is the highest common divisor of 13 and n?
13
Let m be (-4)/13 - (23 - (-27728)/(-208)). Calculate the greatest common divisor of m and 594.
22
Let k be (66/18 + -3)*-3*-99. Suppose v - 4*p = 31, -59 = -6*v + 2*v + 3*p. Calculate the highest common divisor of k and v.
11
Let g(x) = -x**2 - 5*x + 6. L